t is the ten millions digit of 235009712?
3
What is the ten millions digit of 389119458?
8
What is the hundred thousands digit of 365217256?
2
What is the hundred thousands digit of 113908030?
9
What is the ten millions digit of 1219484789?
1
What is the hundred thousands digit of 1550331655?
3
What is the hundred thousands digit of 261138649?
1
What is the ten thousands digit of 1101172253?
7
What is the hundred millions digit of 2912996175?
9
What is the hundreds digit of 1222051575?
5
What is the millions digit of 41989627?
1
What is the tens digit of 32287953?
5
What is the tens digit of 8447109931?
3
What is the tens digit of 139856324?
2
What is the millions digit of 81542934?
1
What is the ten millions digit of 31156386?
3
What is the millions digit of 2739429072?
9
What is the tens digit of 1609147117?
1
What is the hundreds digit of 317303817?
8
What is the ten thousands digit of 749805007?
0
What is the units digit of 50274433?
3
What is the hundred millions digit of 337906265?
3
What is the hundreds digit of 3189084?
0
What is the hundred millions digit of 286703735?
2
What is the millions digit of 1868099914?
8
What is the hundred thousands digit of 23623686?
6
What is the ten millions digit of 819588450?
1
What is the hundreds digit of 255831555?
5
What is the hundred thousands digit of 56465268?
4
What is the hundred thousands digit of 3551157105?
1
What is the tens digit of 187834183?
8
What is the millions digit of 5528819?
5
What is the hundred millions digit of 1357060882?
3
What is the millions digit of 322051589?
2
What is the hundreds digit of 68329384?
3
What is the hundred millions digit of 479594713?
4
What is the units digit of 834222994?
4
What is the hundred thousands digit of 2304873308?
8
What is the ten millions digit of 32903566?
3
What is the millions digit of 1235639824?
5
What is the tens digit of 119860883?
8
What is the hundred thousands digit of 2451989931?
9
What is the units digit of 1945084785?
5
What is the millions digit of 22515205?
2
What is the ten thousands digit of 669122209?
2
What is the tens digit of 328932643?
4
What is the tens digit of 348908279?
7
What is the ten millions digit of 56209961?
5
What is the millions digit of 65173363?
5
What is the tens digit of 4779035407?
0
What is the ten millions digit of 24644415?
2
What is the ten thousands digit of 96941628?
4
What is the ten thousands digit of 258419318?
1
What is the tens digit of 2033611138?
3
What is the hundred millions digit of 950161394?
9
What is the hundred thousands digit of 2796470178?
4
What is the tens digit of 163646033?
3
What is the units digit of 7177517208?
8
What is the hundred thousands digit of 51142024?
1
What is the hundred millions digit of 3605221157?
6
What is the hundreds digit of 1126199302?
3
What is the thousands digit of 747235910?
5
What is the hundred thousands digit of 157993099?
9
What is the tens digit of 709043213?
1
What is the ten millions digit of 1621696281?
2
What is the ten thousands digit of 51884061?
8
What is the hundreds digit of 4617097691?
6
What is the units digit of 996936028?
8
What is the ten thousands digit of 299400096?
0
What is the tens digit of 2946167396?
9
What is the tens digit of 320294489?
8
What is the ten thousands digit of 210678636?
7
What is the units digit of 166596790?
0
What is the ten thousands digit of 78298102?
9
What is the hundred thousands digit of 19849344?
8
What is the units digit of 132332401?
1
What is the tens digit of 385235627?
2
What is the hundred thousands digit of 23153001?
1
What is the hundred millions digit of 326972473?
3
What is the hundreds digit of 1777763978?
9
What is the units digit of 22536661?
1
What is the hundred millions digit of 190307148?
1
What is the ten thousands digit of 836990607?
9
What is the hundred millions digit of 312655429?
3
What is the hundreds digit of 2193602?
6
What is the ten thousands digit of 1163786334?
8
What is the thousands digit of 548124565?
4
What is the hundred millions digit of 263270276?
2
What is the ten millions digit of 14644993?
1
What is the ten thousands digit of 634816102?
1
What is the thousands digit of 3446482081?
2
What is the units digit of 69657927?
7
What is the hundred millions digit of 6251884587?
2
What is the hundreds digit of 9159099102?
1
What is the tens digit of 221846436?
3
What is the thousands digit of 11943898?
3
What is the units digit of 81136949?
9
What is the millions digit of 251713986?
1
What is the millions digit of 487023579?
7
What is the ten millions digit of 40522033?
4
What is the ten millions digit of 615361877?
1
What is the thousands digit of 1634694792?
4
What is the ten thousands digit of 1682961994?
6
What is the hundred thousands digit of 226104772?
1
What is the hundred thousands digit of 1887902029?
9
What is the hundreds digit of 893158579?
5
What is the ten millions digit of 215907299?
1
What is the units digit of 45077008?
8
What is the hundreds digit of 236890674?
6
What is the tens digit of 15144142?
4
What is the hundreds digit of 27804468?
4
What is the ten millions digit of 1366507985?
6
What is the hundred thousands digit of 128720672?
7
What is the ten thousands digit of 35078830?
7
What is the tens digit of 85173359?
5
What is the ten thousands digit of 654973471?
7
What is the hundreds digit of 105150078?
0
What is the hundred thousands digit of 1536955?
5
What is the hundred thousands digit of 2034947082?
9
What is the millions digit of 47771451?
7
What is the units digit of 36612575?
5
What is the tens digit of 393331240?
4
What is the units digit of 161967639?
9
What is the hundreds digit of 35736720?
7
What is the units digit of 954889158?
8
What is the thousands digit of 2742494669?
4
What is the thousands digit of 63841274?
1
What is the thousands digit of 323537133?
7
What is the units digit of 34702507?
7
What is the tens digit of 2203309083?
8
What is the billions digit of 1175470898?
1
What is the thousands digit of 2697679337?
9
What is the hundred millions digit of 845961207?
8
What is the thousands digit of 859744311?
4
What is the hundred thousands digit of 2886752043?
7
What is the hundreds digit of 210559110?
1
What is the tens digit of 2026586841?
4
What is the hundred thousands digit of 224837859?
8
What is the thousands digit of 61847482?
7
What is the units digit of 2032986276?
6
What is the thousands digit of 4759744?
9
What is the hundreds digit of 929343695?
6
What is the hundred thousands digit of 2436192154?
1
What is the hundred thousands digit of 44839225?
8
What is the millions digit of 467155269?
7
What is the hundred millions digit of 120525957?
1
What is the hundred millions digit of 339351635?
3
What is the ten thousands digit of 2051325737?
2
What is the hundred millions digit of 1285648701?
2
What is the millions digit of 4081799752?
1
What is the ten thousands digit of 882133855?
3
What is the ten thousands digit of 55796616?
9
What is the ten thousands digit of 5091339041?
3
What is the thousands digit of 35641781?
1
What is the billions digit of 2409240864?
2
What is the units digit of 172883497?
7
What is the ten thousands digit of 1669435743?
3
What is the billions digit of 1393231472?
1
What is the ten millions digit of 25617447?
2
What is the ten thousands digit of 743868819?
6
What is the tens digit of 76188524?
2
What is the tens digit of 5684340410?
1
What is the units digit of 132944411?
1
What is the hundred thousands digit of 557331231?
3
What is the hundred millions digit of 3551476709?
5
What is the ten millions digit of 76221433?
7
What is the hundred thousands digit of 1886566224?
5
What is the tens digit of 145751480?
8
What is the hundred millions digit of 3777068171?
7
What is the ten millions digit of 42681521?
4
What is the thousands digit of 7437242?
7
What is the hundred thousands digit of 415356050?
3
What is the hundreds digit of 584686434?
4
What is the ten thousands digit of 41922163?
2
What is the tens digit of 8575627997?
9
What is the thousands digit of 72214316?
4
What is the ten thousands digit of 211504922?
0
What is the thousands digit of 199669668?
9
What is the hundreds digit of 96144437?
4
What is the units digit of 811180352?
2
What is the hundreds digit of 31420737?
7